{"id":22,"date":"2014-09-08T03:45:44","date_gmt":"2014-09-08T01:45:44","guid":{"rendered":"http:\/\/gabrielesenft.de.w012588e.kasserver.com\/gabiistisch\/?page_id=22"},"modified":"2025-05-14T14:59:39","modified_gmt":"2025-05-14T12:59:39","slug":"meine-vorbilder","status":"publish","type":"page","link":"https:\/\/gabrielesenft.de\/gabiistisch\/meine-vorbilder\/","title":{"rendered":"Meine Vorbilder"},"content":{"rendered":"<p>Drei Namen seien genannt, die mir bei meiner Entscheidung halfen, das Fotografieren zum Beruf zu machen.<\/p>\n<div id=\"attachment_81\" style=\"width: 167px\" class=\"wp-caption alignright\"><a href=\"http:\/\/gabrielesenft.de\/gabiistisch\/wp-content\/uploads\/2014\/09\/Vater-19702.jpg\"><img loading=\"lazy\" decoding=\"async\" aria-describedby=\"caption-attachment-81\" class=\"wp-image-81\" src=\"http:\/\/gabrielesenft.de\/gabiistisch\/wp-content\/uploads\/2014\/09\/Vater-19702-208x300.jpg\" alt=\"Siegfried K\u00fchnast 1970\" width=\"157\" height=\"226\" srcset=\"https:\/\/gabrielesenft.de\/gabiistisch\/wp-content\/uploads\/2014\/09\/Vater-19702-208x300.jpg 208w, https:\/\/gabrielesenft.de\/gabiistisch\/wp-content\/uploads\/2014\/09\/Vater-19702.jpg 480w\" sizes=\"auto, (max-width: 157px) 100vw, 157px\" \/><\/a><p id=\"caption-attachment-81\" class=\"wp-caption-text\">Mein Vater 1970<\/p><\/div>\n<p>Von meinem Vater <strong>Siegfried K\u00fchnast<\/strong> erhielt ich erste Ratschl\u00e4ge\u00a0in der Fotografie und eine \u201eAltix&#8220;-Kamera.<\/p>\n<p>Sein Urteil bei meinen ersten Aufnahmen war mir wichtig. Er riet\u00a0mir auch, in einem Fotozirkel des Kulturbundes mit zu wirken.<\/p>\n<p>Als Neulehrer bekam er 1951 den Auftrag, \u00a0das Gymnasium in Luckau zu leiten. Er besch\u00e4ftigte sich tiefgehend mit dem Schaffen Karl Liebknechts und bem\u00fchte sich gemeinsam mit Lehrern und Sch\u00fclern darum, dass die Schule sp\u00e4ter den Namen \u00a0des Antimilitaristen Karl Liebknecht erhielt. In meinem Vater hatte ich bis zu seinem Tod 2004 einen freundschaftlichen Berater und Kritiker.<\/p>\n<div id=\"attachment_82\" style=\"width: 193px\" class=\"wp-caption alignleft\"><a href=\"http:\/\/gabrielesenft.de\/gabiistisch\/wp-content\/uploads\/2014\/09\/mit-Horst-Sturm.jpg\"><img loading=\"lazy\" decoding=\"async\" aria-describedby=\"caption-attachment-82\" class=\" wp-image-82\" src=\"http:\/\/gabrielesenft.de\/gabiistisch\/wp-content\/uploads\/2014\/09\/mit-Horst-Sturm-234x300.jpg\" alt=\"Gabriele Senft und Horst Sturm an seinem 65. Geburtstag\" width=\"183\" height=\"234\" srcset=\"https:\/\/gabrielesenft.de\/gabiistisch\/wp-content\/uploads\/2014\/09\/mit-Horst-Sturm-234x300.jpg 234w, https:\/\/gabrielesenft.de\/gabiistisch\/wp-content\/uploads\/2014\/09\/mit-Horst-Sturm.jpg 351w\" sizes=\"auto, (max-width: 183px) 100vw, 183px\" \/><\/a><p id=\"caption-attachment-82\" class=\"wp-caption-text\">Horst Sturm und ich 1988<\/p><\/div>\n<p>Einem bin ich besonders dankbar:<\/p>\n<p>Dem Pressefotografen <strong>Horst Sturm,<\/strong> von dem ich 1970\/71 vor dem Studium als Volont\u00e4rin wertvolle fotografische Grundkenntnisse annahm und der mir nach der R\u00fcckkehr zu ADN ab 1975 noch oft beistand. Er gab mir einpr\u00e4gsame Ratschl\u00e4ge und \u00a0Grunds\u00e4tze mit auf den Weg. So, dass die Kamera ein Werkzeug ist, das zu beherrschen Voraussetzung f\u00fcr alles sei. Wie der Maler Pinsel und Farben nutzt, sie ist sie f\u00fcr die Verwirklichung von kreativer Darstellung notwendig und sollte immer dabei sein, um auf alles Unvorhergesehene reagieren zu k\u00f6nnen. Horst Sturm best\u00e4rkte mich darin, das Fotografieren nicht als Kunst ohne Zweck zu sehen, sondern f\u00fcr die Umsetzung einer sich gestellten Aufnahme zu nutzen, in der \u00a0Verantwortung, im Tagesgeschehen \u00a0wertvolle Zeitdokumente zu schaffen. Wirksamkeit bekommt ein Foto, wenn es \u00a0k\u00fcnstlerischen Kriterien standh\u00e4lt. Es ging Horst Sturm immer wie mir auch um Wahrhaftigkeit und das Aufzeigen von Menschlichkeit. Seine Foto waren und sind f\u00fcr mich beispielhafte Wegbegleiter.<\/p>\n<div id=\"attachment_83\" style=\"width: 520px\" class=\"wp-caption aligncenter\"><a href=\"http:\/\/gabrielesenft.de\/gabiistisch\/wp-content\/uploads\/2014\/09\/Eva-Kemlein.jpg\"><img loading=\"lazy\" decoding=\"async\" aria-describedby=\"caption-attachment-83\" class=\"wp-image-83\" src=\"http:\/\/gabrielesenft.de\/gabiistisch\/wp-content\/uploads\/2014\/09\/Eva-Kemlein-300x200.jpg\" alt=\"Eva Kemlein\" width=\"510\" height=\"276\" \/><\/a><p id=\"caption-attachment-83\" class=\"wp-caption-text\">Eva Kemlein<\/p><\/div>\n<p>Meine Kollegin <strong>Eva Kemlein<\/strong> lernte ich bei meinen\u00a0Einsatz als Theaterfotografin f\u00fcr die Nachrichtenagentur ADN kennen. Sie wurde mir eine gute Freundin. Noch hochbetagt nahm sie an allen Berliner Theatern die Fotoproben wahr, um eindrucksvolle Szenenfotos und K\u00fcnstlerportr\u00e4ts u.a. an die \u201eBerliner Zeitung\u201c zu liefern. Eva Kemlein war die erste Kritikerin meiner Buchdokumentation \u201eDie Br\u00fccke von Varvarin\u201c.<\/p>\n","protected":false},"excerpt":{"rendered":"<p>Drei Namen seien genannt, die mir bei meiner Entscheidung halfen, das Fotografieren zum Beruf zu machen. Von meinem Vater Siegfried K\u00fchnast erhielt ich erste Ratschl\u00e4ge\u00a0in der Fotografie und eine \u201eAltix&#8220;-Kamera. Sein Urteil bei meinen ersten Aufnahmen war mir wichtig. Er riet\u00a0mir auch, in einem Fotozirkel des Kulturbundes mit zu wirken. Als Neulehrer bekam er 1951 [&hellip;]<\/p>\n","protected":false},"author":1,"featured_media":0,"parent":0,"menu_order":0,"comment_status":"closed","ping_status":"closed","template":"","meta":{"footnotes":""},"class_list":["post-22","page","type-page","status-publish","hentry"],"_links":{"self":[{"href":"https:\/\/gabrielesenft.de\/gabiistisch\/wp-json\/wp\/v2\/pages\/22","targetHints":{"allow":["GET"]}}],"collection":[{"href":"https:\/\/gabrielesenft.de\/gabiistisch\/wp-json\/wp\/v2\/pages"}],"about":[{"href":"https:\/\/gabrielesenft.de\/gabiistisch\/wp-json\/wp\/v2\/types\/page"}],"author":[{"embeddable":true,"href":"https:\/\/gabrielesenft.de\/gabiistisch\/wp-json\/wp\/v2\/users\/1"}],"replies":[{"embeddable":true,"href":"https:\/\/gabrielesenft.de\/gabiistisch\/wp-json\/wp\/v2\/comments?post=22"}],"version-history":[{"count":27,"href":"https:\/\/gabrielesenft.de\/gabiistisch\/wp-json\/wp\/v2\/pages\/22\/revisions"}],"predecessor-version":[{"id":481,"href":"https:\/\/gabrielesenft.de\/gabiistisch\/wp-json\/wp\/v2\/pages\/22\/revisions\/481"}],"wp:attachment":[{"href":"https:\/\/gabrielesenft.de\/gabiistisch\/wp-json\/wp\/v2\/media?parent=22"}],"curies":[{"name":"wp","href":"https:\/\/api.w.org\/{rel}","templated":true}]}}

<p>Drei Namen seien genannt, die mir bei meiner Entscheidung halfen, das Fotografieren zum Beruf zu machen.</p>
<div id="attachment_81" style="width: 167px" class="wp-caption alignright"><a href="http://gabrielesenft.de/gabiistisch/wp-content/uploads/2014/09/Vater-19702.jpg"><img loading="lazy" decoding="async" aria-describedby="caption-attachment-81" class="wp-image-81" src="http://gabrielesenft.de/gabiistisch/wp-content/uploads/2014/09/Vater-19702-208x300.jpg" alt="Siegfried Kühnast 1970" width="157" height="226" srcset="https://gabrielesenft.de/gabiistisch/wp-content/uploads/2014/09/Vater-19702-208x300.jpg 208w, https://gabrielesenft.de/gabiistisch/wp-content/uploads/2014/09/Vater-19702.jpg 480w" sizes="auto, (max-width: 157px) 100vw, 157px" /></a><p id="caption-attachment-81" class="wp-caption-text">Mein Vater 1970</p></div>
<p>Von meinem Vater <strong>Siegfried Kühnast</strong> erhielt ich erste Ratschläge in der Fotografie und eine „Altix&#8220;-Kamera.</p>
<p>Sein Urteil bei meinen ersten Aufnahmen war mir wichtig. Er riet mir auch, in einem Fotozirkel des Kulturbundes mit zu wirken.</p>
<p>Als Neulehrer bekam er 1951 den Auftrag,  das Gymnasium in Luckau zu leiten. Er beschäftigte sich tiefgehend mit dem Schaffen Karl Liebknechts und bemühte sich gemeinsam mit Lehrern und Schülern darum, dass die Schule später den Namen  des Antimilitaristen Karl Liebknecht erhielt. In meinem Vater hatte ich bis zu seinem Tod 2004 einen freundschaftlichen Berater und Kritiker.</p>
<div id="attachment_82" style="width: 193px" class="wp-caption alignleft"><a href="http://gabrielesenft.de/gabiistisch/wp-content/uploads/2014/09/mit-Horst-Sturm.jpg"><img loading="lazy" decoding="async" aria-describedby="caption-attachment-82" class=" wp-image-82" src="http://gabrielesenft.de/gabiistisch/wp-content/uploads/2014/09/mit-Horst-Sturm-234x300.jpg" alt="Gabriele Senft und Horst Sturm an seinem 65. Geburtstag" width="183" height="234" srcset="https://gabrielesenft.de/gabiistisch/wp-content/uploads/2014/09/mit-Horst-Sturm-234x300.jpg 234w, https://gabrielesenft.de/gabiistisch/wp-content/uploads/2014/09/mit-Horst-Sturm.jpg 351w" sizes="auto, (max-width: 183px) 100vw, 183px" /></a><p id="caption-attachment-82" class="wp-caption-text">Horst Sturm und ich 1988</p></div>
<p>Einem bin ich besonders dankbar:</p>
<p>Dem Pressefotografen <strong>Horst Sturm,</strong> von dem ich 1970/71 vor dem Studium als Volontärin wertvolle fotografische Grundkenntnisse annahm und der mir nach der Rückkehr zu ADN ab 1975 noch oft beistand. Er gab mir einprägsame Ratschläge und  Grundsätze mit auf den Weg. So, dass die Kamera ein Werkzeug ist, das zu beherrschen Voraussetzung für alles sei. Wie der Maler Pinsel und Farben nutzt, sie ist sie für die Verwirklichung von kreativer Darstellung notwendig und sollte immer dabei sein, um auf alles Unvorhergesehene reagieren zu können. Horst Sturm bestärkte mich darin, das Fotografieren nicht als Kunst ohne Zweck zu sehen, sondern für die Umsetzung einer sich gestellten Aufnahme zu nutzen, in der  Verantwortung, im Tagesgeschehen  wertvolle Zeitdokumente zu schaffen. Wirksamkeit bekommt ein Foto, wenn es  künstlerischen Kriterien standhält. Es ging Horst Sturm immer wie mir auch um Wahrhaftigkeit und das Aufzeigen von Menschlichkeit. Seine Foto waren und sind für mich beispielhafte Wegbegleiter.</p>
<div id="attachment_83" style="width: 520px" class="wp-caption aligncenter"><a href="http://gabrielesenft.de/gabiistisch/wp-content/uploads/2014/09/Eva-Kemlein.jpg"><img loading="lazy" decoding="async" aria-describedby="caption-attachment-83" class="wp-image-83" src="http://gabrielesenft.de/gabiistisch/wp-content/uploads/2014/09/Eva-Kemlein-300x200.jpg" alt="Eva Kemlein" width="510" height="276" /></a><p id="caption-attachment-83" class="wp-caption-text">Eva Kemlein</p></div>
<p>Meine Kollegin <strong>Eva Kemlein</strong> lernte ich bei meinen Einsatz als Theaterfotografin für die Nachrichtenagentur ADN kennen. Sie wurde mir eine gute Freundin. Noch hochbetagt nahm sie an allen Berliner Theatern die Fotoproben wahr, um eindrucksvolle Szenenfotos und Künstlerporträts u.a. an die „Berliner Zeitung“ zu liefern. Eva Kemlein war die erste Kritikerin meiner Buchdokumentation „Die Brücke von Varvarin“.</p>

<p>Drei Namen seien genannt, die mir bei meiner Entscheidung halfen, das Fotografieren zum Beruf zu machen. Von meinem Vater Siegfried Kühnast erhielt ich erste Ratschläge in der Fotografie und eine „Altix&#8220;-Kamera. Sein Urteil bei meinen ersten Aufnahmen war mir wichtig. Er riet mir auch, in einem Fotozirkel des Kulturbundes mit zu wirken. Als Neulehrer bekam er 1951 [&hellip;]</p>
